{"id":2067,"date":"2021-07-25T18:06:55","date_gmt":"2021-07-25T16:06:55","guid":{"rendered":"https:\/\/kurterni.ch\/wordpress\/?page_id=2067"},"modified":"2025-02-04T21:10:36","modified_gmt":"2025-02-04T20:10:36","slug":"miststock-2020","status":"publish","type":"page","link":"https:\/\/kurterni.ch\/wordpress\/ausstellungen\/miststock-2020\/","title":{"rendered":"2020 &#8222;Miststock&#8220;"},"content":{"rendered":"\n<p>Im Oktober 2020 stellte die ArtAentlebuch, eine K\u00fcnstlervereinigung unter dem Thema &#8222;Miststock&#8220; eine Anzahl Objekte aus. <\/p>\n\n\n\n<p>Der Titel &#8222;MISTSTOCK&#8220; war Programm.  Die &#8222;Kathedrale&#8220; &#8211; unser Gemeinschaftswerk &#8211; war eine \u00dcberh\u00f6hung des Miststockes in etwas Sch\u00f6nes und Wertvolles.<\/p>\n\n\n<div class=\"wp-block-image\">\n<figure class=\"aligncenter size-large is-resized\"><img loading=\"lazy\" decoding=\"async\" width=\"1024\" height=\"768\" src=\"https:\/\/kurterni.ch\/wordpress\/wp-content\/uploads\/2021\/07\/Kathedrale-Homepage-1024x768.jpg\" alt=\"\" class=\"wp-image-2070\" style=\"width:326px;height:auto\" srcset=\"https:\/\/kurterni.ch\/wordpress\/wp-content\/uploads\/2021\/07\/Kathedrale-Homepage-1024x768.jpg 1024w, https:\/\/kurterni.ch\/wordpress\/wp-content\/uploads\/2021\/07\/Kathedrale-Homepage-300x225.jpg 300w, https:\/\/kurterni.ch\/wordpress\/wp-content\/uploads\/2021\/07\/Kathedrale-Homepage-768x576.jpg 768w, https:\/\/kurterni.ch\/wordpress\/wp-content\/uploads\/2021\/07\/Kathedrale-Homepage-1536x1152.jpg 1536w, https:\/\/kurterni.ch\/wordpress\/wp-content\/uploads\/2021\/07\/Kathedrale-Homepage-2048x1536.jpg 2048w\" sizes=\"auto, (max-width: 1024px) 100vw, 1024px\" \/><figcaption class=\"wp-element-caption\">Die Kathedrale mit insgesamt 150 Linoldrucken und den Dimensionen: L\u00e4nge 4m, Breite 2,7m, H\u00f6he 2.2m. (ist mittlerweile abgebaut)<\/figcaption><\/figure><\/div>\n\n\n<p>Ich habe mich f\u00fcr eine Umsetzung mit Bewehrungsstahl, Linoldruck, Speckstein und \u00d6lmalerei entschieden. Die folgenden Galerien zeigen einige Exponate.<\/p>\n\n\n\n<h2 class=\"wp-block-heading\">Metallarbeit<\/h2>\n\n\n\n<div class=\"wp-block-media-text is-stacked-on-mobile\" style=\"grid-template-columns:37% auto\"><figure class=\"wp-block-media-text__media\"><img loading=\"lazy\" decoding=\"async\" width=\"768\" height=\"1024\" src=\"https:\/\/kurterni.ch\/wordpress\/wp-content\/uploads\/2021\/07\/Hahn_fertig_web-768x1024.jpg\" alt=\"\" class=\"wp-image-2096 size-full\" srcset=\"https:\/\/kurterni.ch\/wordpress\/wp-content\/uploads\/2021\/07\/Hahn_fertig_web-768x1024.jpg 768w, https:\/\/kurterni.ch\/wordpress\/wp-content\/uploads\/2021\/07\/Hahn_fertig_web-225x300.jpg 225w, https:\/\/kurterni.ch\/wordpress\/wp-content\/uploads\/2021\/07\/Hahn_fertig_web-1152x1536.jpg 1152w, https:\/\/kurterni.ch\/wordpress\/wp-content\/uploads\/2021\/07\/Hahn_fertig_web-1536x2048.jpg 1536w, https:\/\/kurterni.ch\/wordpress\/wp-content\/uploads\/2021\/07\/Hahn_fertig_web-scaled.jpg 1920w\" sizes=\"auto, (max-width: 768px) 100vw, 768px\" \/><\/figure><div class=\"wp-block-media-text__content\">\n<p>Hahn auf goldenem Miststock.<br>Bewehrungs-Stahl 6mm <br>Gesamth\u00f6he rund 2,30m<br>unverk\u00e4uflich<\/p>\n<\/div><\/div>\n\n\n\n<div class=\"wp-block-media-text is-stacked-on-mobile\" style=\"grid-template-columns:37% auto\"><figure class=\"wp-block-media-text__media\"><img loading=\"lazy\" decoding=\"async\" width=\"640\" height=\"1024\" src=\"https:\/\/kurterni.ch\/wordpress\/wp-content\/uploads\/2021\/07\/Doppelkopf-Hahn_Galerie-640x1024.jpg\" alt=\"\" class=\"wp-image-2073 size-full\" srcset=\"https:\/\/kurterni.ch\/wordpress\/wp-content\/uploads\/2021\/07\/Doppelkopf-Hahn_Galerie-640x1024.jpg 640w, https:\/\/kurterni.ch\/wordpress\/wp-content\/uploads\/2021\/07\/Doppelkopf-Hahn_Galerie-187x300.jpg 187w, https:\/\/kurterni.ch\/wordpress\/wp-content\/uploads\/2021\/07\/Doppelkopf-Hahn_Galerie-768x1229.jpg 768w, https:\/\/kurterni.ch\/wordpress\/wp-content\/uploads\/2021\/07\/Doppelkopf-Hahn_Galerie-960x1536.jpg 960w, https:\/\/kurterni.ch\/wordpress\/wp-content\/uploads\/2021\/07\/Doppelkopf-Hahn_Galerie.jpg 1181w\" sizes=\"auto, (max-width: 640px) 100vw, 640px\" \/><\/figure><div class=\"wp-block-media-text__content\">\n<p>Doppelkopf-Hahn<br>Bewehrungs-Stahl 6mm<br>Gesamth\u00f6he mit Sockel rund 80cm<br>Preis auf  Anfrage<\/p>\n<\/div><\/div>\n\n\n\n<h2 class=\"wp-block-heading\">H\u00e4hne und H\u00fchnerh\u00f6fe <\/h2>\n\n\n\n<div class=\"wp-block-media-text is-stacked-on-mobile\" style=\"grid-template-columns:28% auto\"><figure class=\"wp-block-media-text__media\"><img loading=\"lazy\" decoding=\"async\" width=\"640\" height=\"1024\" src=\"https:\/\/kurterni.ch\/wordpress\/wp-content\/uploads\/2021\/07\/Stolzer_Hahn_mit_roten_Struempfen_Galerie-640x1024.jpg\" alt=\"\" class=\"wp-image-2093 size-full\" srcset=\"https:\/\/kurterni.ch\/wordpress\/wp-content\/uploads\/2021\/07\/Stolzer_Hahn_mit_roten_Struempfen_Galerie-640x1024.jpg 640w, https:\/\/kurterni.ch\/wordpress\/wp-content\/uploads\/2021\/07\/Stolzer_Hahn_mit_roten_Struempfen_Galerie-187x300.jpg 187w, https:\/\/kurterni.ch\/wordpress\/wp-content\/uploads\/2021\/07\/Stolzer_Hahn_mit_roten_Struempfen_Galerie-768x1229.jpg 768w, https:\/\/kurterni.ch\/wordpress\/wp-content\/uploads\/2021\/07\/Stolzer_Hahn_mit_roten_Struempfen_Galerie-960x1536.jpg 960w, https:\/\/kurterni.ch\/wordpress\/wp-content\/uploads\/2021\/07\/Stolzer_Hahn_mit_roten_Struempfen_Galerie.jpg 1181w\" sizes=\"auto, (max-width: 640px) 100vw, 640px\" \/><\/figure><div class=\"wp-block-media-text__content\">\n<p>Stolzer Hahn mit roten Str\u00fcmpfen<br>\u00d6l auf Leinwand gespachtelt<br>80cm X 50cm<br>Preis auf  Anfrage<\/p>\n<\/div><\/div>\n\n\n\n<div class=\"wp-block-media-text is-stacked-on-mobile\" style=\"grid-template-columns:28% auto\"><figure class=\"wp-block-media-text__media\"><img loading=\"lazy\" decoding=\"async\" width=\"591\" height=\"945\" src=\"https:\/\/kurterni.ch\/wordpress\/wp-content\/uploads\/2021\/07\/Huehnerhof_III_Galerie.jpg\" alt=\"\" class=\"wp-image-2087 size-full\" srcset=\"https:\/\/kurterni.ch\/wordpress\/wp-content\/uploads\/2021\/07\/Huehnerhof_III_Galerie.jpg 591w, https:\/\/kurterni.ch\/wordpress\/wp-content\/uploads\/2021\/07\/Huehnerhof_III_Galerie-188x300.jpg 188w\" sizes=\"auto, (max-width: 591px) 100vw, 591px\" \/><\/figure><div class=\"wp-block-media-text__content\">\n<p>H\u00fchnerhof 3<br>\u00d6l auf Leinwand gespachtelt<br>80cm X 50cm<br>Preis auf Anfrage<\/p>\n<\/div><\/div>\n\n\n\n<div class=\"wp-block-media-text is-stacked-on-mobile\" style=\"grid-template-columns:47% auto\"><figure class=\"wp-block-media-text__media\"><img loading=\"lazy\" decoding=\"async\" width=\"709\" height=\"709\" src=\"https:\/\/kurterni.ch\/wordpress\/wp-content\/uploads\/2021\/07\/Huehnerhof_I_Galerie.jpg\" alt=\"\" class=\"wp-image-2085 size-full\" srcset=\"https:\/\/kurterni.ch\/wordpress\/wp-content\/uploads\/2021\/07\/Huehnerhof_I_Galerie.jpg 709w, https:\/\/kurterni.ch\/wordpress\/wp-content\/uploads\/2021\/07\/Huehnerhof_I_Galerie-300x300.jpg 300w, https:\/\/kurterni.ch\/wordpress\/wp-content\/uploads\/2021\/07\/Huehnerhof_I_Galerie-150x150.jpg 150w\" sizes=\"auto, (max-width: 709px) 100vw, 709px\" \/><\/figure><div class=\"wp-block-media-text__content\">\n<p>H\u00fchnerhof 1<br>\u00d6l auf Leinwand gespachtelt<br>80cm X 80cm<br>Preis auf  Anfrage<\/p>\n<\/div><\/div>\n\n\n\n<div class=\"wp-block-media-text is-stacked-on-mobile\" style=\"grid-template-columns:32% auto\"><figure class=\"wp-block-media-text__media\"><img loading=\"lazy\" decoding=\"async\" width=\"320\" height=\"1024\" src=\"https:\/\/kurterni.ch\/wordpress\/wp-content\/uploads\/2021\/07\/Hahn_160_Galerie-320x1024.jpg\" alt=\"\" class=\"wp-image-2082 size-full\" srcset=\"https:\/\/kurterni.ch\/wordpress\/wp-content\/uploads\/2021\/07\/Hahn_160_Galerie-320x1024.jpg 320w, https:\/\/kurterni.ch\/wordpress\/wp-content\/uploads\/2021\/07\/Hahn_160_Galerie-94x300.jpg 94w, https:\/\/kurterni.ch\/wordpress\/wp-content\/uploads\/2021\/07\/Hahn_160_Galerie-480x1536.jpg 480w, https:\/\/kurterni.ch\/wordpress\/wp-content\/uploads\/2021\/07\/Hahn_160_Galerie.jpg 591w\" sizes=\"auto, (max-width: 320px) 100vw, 320px\" \/><\/figure><div class=\"wp-block-media-text__content\">\n<p>Grosser Hahn<br>\u00d6l auf Leinwand gespachtelt<br>160cm X 50cm<br>Preis auf  Anfrage<\/p>\n<\/div><\/div>\n\n\n\n<h2 class=\"wp-block-heading\">Farbtafeln Linoldruck <\/h2>\n\n\n\n<figure class=\"wp-block-gallery has-nested-images columns-default is-cropped wp-block-gallery-1 is-layout-flex wp-block-gallery-is-layout-flex\">\n<figure class=\"wp-block-image size-large\"><img loading=\"lazy\" decoding=\"async\" width=\"1024\" height=\"1024\" data-id=\"2079\" src=\"https:\/\/kurterni.ch\/wordpress\/wp-content\/uploads\/2021\/07\/Farbtafel_6_Galerie-1024x1024.jpg\" alt=\"\" class=\"wp-image-2079\" srcset=\"https:\/\/kurterni.ch\/wordpress\/wp-content\/uploads\/2021\/07\/Farbtafel_6_Galerie-1024x1024.jpg 1024w, https:\/\/kurterni.ch\/wordpress\/wp-content\/uploads\/2021\/07\/Farbtafel_6_Galerie-300x300.jpg 300w, https:\/\/kurterni.ch\/wordpress\/wp-content\/uploads\/2021\/07\/Farbtafel_6_Galerie-150x150.jpg 150w, https:\/\/kurterni.ch\/wordpress\/wp-content\/uploads\/2021\/07\/Farbtafel_6_Galerie-768x768.jpg 768w, https:\/\/kurterni.ch\/wordpress\/wp-content\/uploads\/2021\/07\/Farbtafel_6_Galerie-1536x1536.jpg 1536w, https:\/\/kurterni.ch\/wordpress\/wp-content\/uploads\/2021\/07\/Farbtafel_6_Galerie-2048x2048.jpg 2048w\" sizes=\"auto, (max-width: 1024px) 100vw, 1024px\" \/><figcaption class=\"wp-element-caption\">Farbtafel MISTSTOCK<\/figcaption><\/figure>\n\n\n\n<figure class=\"wp-block-image size-large\"><img loading=\"lazy\" decoding=\"async\" width=\"1024\" height=\"1024\" data-id=\"2077\" src=\"https:\/\/kurterni.ch\/wordpress\/wp-content\/uploads\/2021\/07\/Farbtafel_4_Galerie-1024x1024.jpg\" alt=\"\" class=\"wp-image-2077\" srcset=\"https:\/\/kurterni.ch\/wordpress\/wp-content\/uploads\/2021\/07\/Farbtafel_4_Galerie-1024x1024.jpg 1024w, https:\/\/kurterni.ch\/wordpress\/wp-content\/uploads\/2021\/07\/Farbtafel_4_Galerie-300x300.jpg 300w, https:\/\/kurterni.ch\/wordpress\/wp-content\/uploads\/2021\/07\/Farbtafel_4_Galerie-150x150.jpg 150w, https:\/\/kurterni.ch\/wordpress\/wp-content\/uploads\/2021\/07\/Farbtafel_4_Galerie-768x768.jpg 768w, https:\/\/kurterni.ch\/wordpress\/wp-content\/uploads\/2021\/07\/Farbtafel_4_Galerie-1536x1536.jpg 1536w, https:\/\/kurterni.ch\/wordpress\/wp-content\/uploads\/2021\/07\/Farbtafel_4_Galerie-2048x2048.jpg 2048w\" sizes=\"auto, (max-width: 1024px) 100vw, 1024px\" \/><figcaption class=\"wp-element-caption\">Farbtafel MISTSTOCK<\/figcaption><\/figure>\n\n\n\n<figure class=\"wp-block-image size-large\"><img loading=\"lazy\" decoding=\"async\" width=\"1024\" height=\"1024\" data-id=\"2076\" src=\"https:\/\/kurterni.ch\/wordpress\/wp-content\/uploads\/2021\/07\/Farbtafel_3_Galerie-1024x1024.jpg\" alt=\"\" class=\"wp-image-2076\" srcset=\"https:\/\/kurterni.ch\/wordpress\/wp-content\/uploads\/2021\/07\/Farbtafel_3_Galerie-1024x1024.jpg 1024w, https:\/\/kurterni.ch\/wordpress\/wp-content\/uploads\/2021\/07\/Farbtafel_3_Galerie-300x300.jpg 300w, https:\/\/kurterni.ch\/wordpress\/wp-content\/uploads\/2021\/07\/Farbtafel_3_Galerie-150x150.jpg 150w, https:\/\/kurterni.ch\/wordpress\/wp-content\/uploads\/2021\/07\/Farbtafel_3_Galerie-768x768.jpg 768w, https:\/\/kurterni.ch\/wordpress\/wp-content\/uploads\/2021\/07\/Farbtafel_3_Galerie-1536x1536.jpg 1536w, https:\/\/kurterni.ch\/wordpress\/wp-content\/uploads\/2021\/07\/Farbtafel_3_Galerie-2048x2048.jpg 2048w\" sizes=\"auto, (max-width: 1024px) 100vw, 1024px\" \/><figcaption class=\"wp-element-caption\">Farbtafel MISTSTOCK<\/figcaption><\/figure>\n\n\n\n<figure class=\"wp-block-image size-large\"><img loading=\"lazy\" decoding=\"async\" width=\"1024\" height=\"1024\" data-id=\"2075\" src=\"https:\/\/kurterni.ch\/wordpress\/wp-content\/uploads\/2021\/07\/Farbtafel_2_Galerie-1024x1024.jpg\" alt=\"\" class=\"wp-image-2075\" srcset=\"https:\/\/kurterni.ch\/wordpress\/wp-content\/uploads\/2021\/07\/Farbtafel_2_Galerie-1024x1024.jpg 1024w, https:\/\/kurterni.ch\/wordpress\/wp-content\/uploads\/2021\/07\/Farbtafel_2_Galerie-300x300.jpg 300w, https:\/\/kurterni.ch\/wordpress\/wp-content\/uploads\/2021\/07\/Farbtafel_2_Galerie-150x150.jpg 150w, https:\/\/kurterni.ch\/wordpress\/wp-content\/uploads\/2021\/07\/Farbtafel_2_Galerie-768x768.jpg 768w, https:\/\/kurterni.ch\/wordpress\/wp-content\/uploads\/2021\/07\/Farbtafel_2_Galerie-1536x1536.jpg 1536w, https:\/\/kurterni.ch\/wordpress\/wp-content\/uploads\/2021\/07\/Farbtafel_2_Galerie-2048x2048.jpg 2048w\" sizes=\"auto, (max-width: 1024px) 100vw, 1024px\" \/><figcaption class=\"wp-element-caption\">Farbtafel MISTSTOCK<\/figcaption><\/figure>\n<\/figure>\n\n\n\n<p>Unikate mit den Vorlagen zum MISTSTOCK.<br>40cm X 40cm<br>gedruckt auf reinem B\u00fcttenpapier<br>Preis: 250 Fr. ohne Rahmen, mit Rahmen 300 Fr.<\/p>\n\n\n\n<p class=\"has-medium-font-size\"><a href=\"https:\/\/kurterni.ch\/wordpress\">Startseite<\/a><\/p>\n","protected":false},"excerpt":{"rendered":"<p>Im Oktober 2020 stellte die ArtAentlebuch, eine K\u00fcnstlervereinigung unter dem Thema &#8222;Miststock&#8220; eine Anzahl Objekte aus. Der Titel &#8222;MISTSTOCK&#8220; war Programm. Die &#8222;Kathedrale&#8220; &#8211; unser Gemeinschaftswerk &#8211; war eine \u00dcberh\u00f6hung des Miststockes in etwas Sch\u00f6nes und Wertvolles. Ich habe mich f\u00fcr eine Umsetzung mit Bewehrungsstahl, Linoldruck, Speckstein und \u00d6lmalerei entschieden. Die folgenden Galerien zeigen einige &hellip; <a href=\"https:\/\/kurterni.ch\/wordpress\/ausstellungen\/miststock-2020\/\" class=\"more-link\"><span class=\"screen-reader-text\">2020 &#8222;Miststock&#8220;<\/span> weiterlesen <span class=\"meta-nav\">&rarr;<\/span><\/a><\/p>\n","protected":false},"author":3,"featured_media":2098,"parent":730,"menu_order":0,"comment_status":"closed","ping_status":"closed","template":"","meta":{"footnotes":""},"class_list":["post-2067","page","type-page","status-publish","has-post-thumbnail","hentry"],"_links":{"self":[{"href":"https:\/\/kurterni.ch\/wordpress\/wp-json\/wp\/v2\/pages\/2067","targetHints":{"allow":["GET"]}}],"collection":[{"href":"https:\/\/kurterni.ch\/wordpress\/wp-json\/wp\/v2\/pages"}],"about":[{"href":"https:\/\/kurterni.ch\/wordpress\/wp-json\/wp\/v2\/types\/page"}],"author":[{"embeddable":true,"href":"https:\/\/kurterni.ch\/wordpress\/wp-json\/wp\/v2\/users\/3"}],"replies":[{"embeddable":true,"href":"https:\/\/kurterni.ch\/wordpress\/wp-json\/wp\/v2\/comments?post=2067"}],"version-history":[{"count":12,"href":"https:\/\/kurterni.ch\/wordpress\/wp-json\/wp\/v2\/pages\/2067\/revisions"}],"predecessor-version":[{"id":2739,"href":"https:\/\/kurterni.ch\/wordpress\/wp-json\/wp\/v2\/pages\/2067\/revisions\/2739"}],"up":[{"embeddable":true,"href":"https:\/\/kurterni.ch\/wordpress\/wp-json\/wp\/v2\/pages\/730"}],"wp:featuredmedia":[{"embeddable":true,"href":"https:\/\/kurterni.ch\/wordpress\/wp-json\/wp\/v2\/media\/2098"}],"wp:attachment":[{"href":"https:\/\/kurterni.ch\/wordpress\/wp-json\/wp\/v2\/media?parent=2067"}],"curies":[{"name":"wp","href":"https:\/\/api.w.org\/{rel}","templated":true}]}}